{"id":2221,"date":"2026-04-29T19:05:56","date_gmt":"2026-04-29T11:05:56","guid":{"rendered":"https:\/\/cndentalhospital.com\/?page_id=2221"},"modified":"2026-04-29T19:05:56","modified_gmt":"2026-04-29T11:05:56","slug":"comfort-sedation-es","status":"publish","type":"page","link":"https:\/\/cndentalhospital.com\/?page_id=2221&lang=es","title":{"rendered":"Sedaci\u00f3n c\u00f3moda"},"content":{"rendered":"<section class=\"section-content \" style=\" \">\r\n\t\t\t\t<div class=\"container\">\r\n\t\t\t\t\t<div class=\"wow fadeIn\" data-wow-duration=\"3s\">\r\n\t\t\t\t\t\t<div class=\"section_head\">\r\n\t\t\t\r\n\t\t\t<h2 class=\"section_title\">Sedaci\u00f3n c\u00f3moda<span><\/span><\/h2>\r\n\t\t\t<p><\/p>\r\n\t\t<\/div><!-- section head -->\r\n\t\t\t\t\t\t<p>\n<div style=\"height:100px\"><\/div><br \/>\n<div class=\"introduction-box\"><div class=\"flex-element flex-wrap align-flex-vert row\"><div class=\"col-6\"><div class=\"about_fig wow zoomIn\" data-wow-duration=\"2s\"><img decoding=\"async\" src=\"https:\/\/flydemos.net\/toothwise\/wp-content\/uploads\/2024\/09\/gallery10.jpg\" alt=\"\"><\/div><\/div><!-- about_fig --><div class=\"about_content col-6\"><div class=\"inner_about_content wow zoomIn\" data-wow-duration=\"2s\"><div class=\"section_head\"><h2 class=\"section_title\">\u00bfQu\u00e9 es la odontolog\u00eda con sedaci\u00f3n c\u00f3moda?<\/h2><\/div><p><p>\nEl tratamiento dental ya no es sufrimiento, sino una experiencia c\u00f3moda pensada para clientes de alta gama; nuestro servicio dental confortable integral est\u00e1 dise\u00f1ado para unos pocos clientes exigentes.<br \/>\nLa sedaci\u00f3n con \u00f3xido nitroso es suave y permite permanecer despierto y c\u00f3modo durante tratamientos b\u00e1sicos; la anestesia intravenosa es de acci\u00f3n corta y recuperaci\u00f3n r\u00e1pida, haciendo que implantes complejos y cirug\u00edas largas sean indoloras, casi como una siesta.<br \/>\nLa anestesia general es para clientes de alta gama con fobia dental extrema, permite completar todos los tratamientos de una vez bajo monitoreo profesional y convierte cada visita dental en una experiencia c\u00f3moda.<\/p>\n<\/p><div class=\"flex-element align-flex-vert mt-30\"><\/div><\/div><\/div><!-- about_content --><div class=\"clear\"><\/div><\/div><\/div><!-- introduction box --><br \/>\n<div style=\"height:10px\"><\/div><section class=\"section-content pt-80 pb-80\" style=\" \">\r\n\t\t\t\t<div class=\"container\">\r\n\t\t\t\t\t<div class=\"wow \" data-wow-duration=\"3s\">\r\n\t\t\t\t\t\t<div class=\"section_head\">\r\n\t\t\t\r\n\t\t\t<h2 class=\"section_title\">Cu\u00e1ndo es necesaria la odontolog\u00eda con sedaci\u00f3n<span><\/span><\/h2>\r\n\t\t\t<p><\/p>\r\n\t\t<\/div><!-- section head -->\r\n\t\t\t\t\t\t\r\n\t\t\t\t\t<\/div><!-- animation class -->\r\n\t\t\t\t<\/div><!-- container class -->\t\t\t\t\t\t\t\t\r\n\t\t\t<\/section><!-- section --><br \/>\n<div class=\"flex-element row flex-wrap \"><p><\/p>\n<div class=\"col-4 \">\n<div class=\"service-box wow zoomIn\" data-wow-duration=\"2s\">\n<div class=\"inner-service-box\">\n<div class=\"service-icon\">\n<div class=\"service-icon-wrap\"><img decoding=\"async\" src=\"https:\/\/cndentalhospital.com\/wp-content\/themes\/toothwise-pro\/images\/ser1.png\"><\/i><\/div>\n<\/div>\n<div class=\"service-content\">\n<h4>Miedo<\/h4>\n<p>\nFobia dental severa y ansiedad\n<\/p>\n<\/div>\n<\/div>\n<\/div>\n<\/div>\n<p><\/p>\n<div class=\"col-4 \">\n<div class=\"service-box wow zoomIn\" data-wow-duration=\"2s\">\n<div class=\"inner-service-box\">\n<div class=\"service-icon\">\n<div class=\"service-icon-wrap\"><img decoding=\"async\" src=\"https:\/\/cndentalhospital.com\/wp-content\/themes\/toothwise-pro\/images\/ser2.png\"><\/i><\/div>\n<\/div>\n<div class=\"service-content\">\n<h4>Baja tolerancia<\/h4>\n<p>\nApertura bucal limitada y baja tolerancia\n<\/p>\n<\/div>\n<\/div>\n<\/div>\n<\/div>\n<p><\/p>\n<div class=\"col-4 \">\n<div class=\"service-box wow zoomIn\" data-wow-duration=\"2s\">\n<div class=\"inner-service-box\">\n<div class=\"service-icon\">\n<div class=\"service-icon-wrap\"><img decoding=\"async\" src=\"https:\/\/cndentalhospital.com\/wp-content\/themes\/toothwise-pro\/images\/ser3.png\"><\/i><\/div>\n<\/div>\n<div class=\"service-content\">\n<h4>Sensibilidad<\/h4>\n<p>\nReflejo nauseoso sensible, n\u00e1useas f\u00e1ciles\n<\/p>\n<\/div>\n<\/div>\n<\/div>\n<\/div>\n<p><\/p>\n<\/div><br \/>\n<div class=\"flex-element row flex-wrap \"><p><\/p>\n<div class=\"col-4 \">\n<div class=\"service-box wow zoomIn\" data-wow-duration=\"2s\">\n<div class=\"inner-service-box\">\n<div class=\"service-icon\">\n<div class=\"service-icon-wrap\"><img decoding=\"async\" src=\"https:\/\/cndentalhospital.com\/wp-content\/themes\/toothwise-pro\/images\/ser4.png\"><\/i><\/div>\n<\/div>\n<div class=\"service-content\">\n<h4>Enfermedad<\/h4>\n<p>\nHipertensi\u00f3n, enfermedad card\u00edaca y enfermedades cr\u00f3nicas\n<\/p>\n<\/div>\n<\/div>\n<\/div>\n<\/div>\n<p><\/p>\n<div class=\"col-4 \">\n<div class=\"service-box wow zoomIn\" data-wow-duration=\"2s\">\n<div class=\"inner-service-box\">\n<div class=\"service-icon\">\n<div class=\"service-icon-wrap\"><img decoding=\"async\" src=\"https:\/\/cndentalhospital.com\/wp-content\/themes\/toothwise-pro\/images\/ser5.png\"><\/i><\/div>\n<\/div>\n<div class=\"service-content\">\n<h4>Complejo<\/h4>\n<p>\nTratamiento largo y complejo de boca completa\n<\/p>\n<\/div>\n<\/div>\n<\/div>\n<\/div>\n<p><\/p>\n<div class=\"col-4 \">\n<div class=\"service-box wow zoomIn\" data-wow-duration=\"2s\">\n<div class=\"inner-service-box\">\n<div class=\"service-icon\">\n<div class=\"service-icon-wrap\"><img decoding=\"async\" src=\"https:\/\/cndentalhospital.com\/wp-content\/themes\/toothwise-pro\/images\/ser6.png\"><\/i><\/div>\n<\/div>\n<div class=\"service-content\">\n<h4>Resistencia<\/h4>\n<p>\nNi\u00f1os con muy poca cooperaci\u00f3n\n<\/p>\n<\/div>\n<\/div>\n<\/div>\n<\/div>\n<p><\/p>\n<\/div><br \/>\n<div style=\"height:100px\"><\/div><br \/>\n<div class=\"introduction-box\"><div class=\"flex-element flex-wrap align-flex-vert row\"><div class=\"col-6\"><div class=\"about_fig wow zoomIn\" data-wow-duration=\"2s\"><img decoding=\"async\" src=\"https:\/\/flydemos.net\/toothwise\/wp-content\/uploads\/2024\/09\/gallery10.jpg\" alt=\"\"><\/div><\/div><!-- about_fig --><div class=\"about_content col-6\"><div class=\"inner_about_content wow zoomIn\" data-wow-duration=\"2s\"><div class=\"section_head\"><h2 class=\"section_title\">Por qu\u00e9 los clientes de alta gama prefieren tratamientos dentales c\u00f3modos<\/h2><\/div><p><p><\/p>\n<ul class=\"list-1\">\n<li>1. Rechace el dolor y disfrute comodidad premium<\/li>\n<p>La odontolog\u00eda tradicional puede causar dolor e incomodidad. La sedaci\u00f3n graduada garantiza un tratamiento indoloro y relajante.<\/p>\n<li>2. Alta eficiencia y ahorro de tiempo<\/li>\n<p> Tratamiento integral para implantes, restauraciones y empastes, reduciendo visitas repetidas.<\/p>\n<li>3. Aliviar el miedo y la ansiedad dental<\/li>\n<p>La sedaci\u00f3n suave calma la tensi\u00f3n y evita retrasar el tratamiento oral.<\/p>\n<li>4. Ideal para procedimientos dentales complejos<\/li>\n<p>Adecuado para reconstrucci\u00f3n de boca completa, implantes y cirug\u00edas largas, con comodidad estable y r\u00e1pida recuperaci\u00f3n.<\/p>\n<li>5. Recuperaci\u00f3n r\u00e1pida y menor carga<\/li>\n<p>Anestesia suave de metabolismo r\u00e1pido, sin impacto en el trabajo diario ni la vida social.<\/p>\n<\/ul>\n<p><\/p>\n<\/p><div class=\"flex-element align-flex-vert mt-30\"><\/div><\/div><\/div><!-- about_content --><div class=\"clear\"><\/div><\/div><\/div><!-- introduction box --><\/p>\n\r\n\t\t\t\t\t<\/div><!-- animation class -->\r\n\t\t\t\t<\/div><!-- container class -->\t\t\t\t\t\t\t\t\r\n\t\t\t<\/section><!-- section -->\n","protected":false},"excerpt":{"rendered":"","protected":false},"author":1,"featured_media":0,"parent":973,"menu_order":6,"comment_status":"closed","ping_status":"closed","template":"page-templates\/template-full-screen.php","meta":{"footnotes":""},"class_list":["post-2221","page","type-page","status-publish","hentry"],"_links":{"self":[{"href":"https:\/\/cndentalhospital.com\/index.php?rest_route=\/wp\/v2\/pages\/2221","targetHints":{"allow":["GET"]}}],"collection":[{"href":"https:\/\/cndentalhospital.com\/index.php?rest_route=\/wp\/v2\/pages"}],"about":[{"href":"https:\/\/cndentalhospital.com\/index.php?rest_route=\/wp\/v2\/types\/page"}],"author":[{"embeddable":true,"href":"https:\/\/cndentalhospital.com\/index.php?rest_route=\/wp\/v2\/users\/1"}],"replies":[{"embeddable":true,"href":"https:\/\/cndentalhospital.com\/index.php?rest_route=%2Fwp%2Fv2%2Fcomments&post=2221"}],"version-history":[{"count":0,"href":"https:\/\/cndentalhospital.com\/index.php?rest_route=\/wp\/v2\/pages\/2221\/revisions"}],"up":[{"embeddable":true,"href":"https:\/\/cndentalhospital.com\/index.php?rest_route=\/wp\/v2\/pages\/973"}],"wp:attachment":[{"href":"https:\/\/cndentalhospital.com\/index.php?rest_route=%2Fwp%2Fv2%2Fmedia&parent=2221"}],"curies":[{"name":"wp","href":"https:\/\/api.w.org\/{rel}","templated":true}]}}