{"id":2197,"date":"2026-04-29T19:05:55","date_gmt":"2026-04-29T11:05:55","guid":{"rendered":"https:\/\/cndentalhospital.com\/?page_id=2197"},"modified":"2026-04-29T19:05:55","modified_gmt":"2026-04-29T11:05:55","slug":"full-mouth-implant-es","status":"publish","type":"page","link":"https:\/\/cndentalhospital.com\/?page_id=2197&lang=es","title":{"rendered":"Implante de boca completa"},"content":{"rendered":"<section class=\"section-content \" style=\" background-color:#f7f7f7;\">\r\n\t\t\t\t<div class=\"container\">\r\n\t\t\t\t\t<div class=\"wow fadeIn\" data-wow-duration=\"3s\">\r\n\t\t\t\t\t\t<div class=\"section_head\">\r\n\t\t\t\r\n\t\t\t<h2 class=\"section_title\">Implante de boca completa<span><\/span><\/h2>\r\n\t\t\t<p><\/p>\r\n\t\t<\/div><!-- section head -->\r\n\t\t\t\t\t\t<p>\n<div style=\"height:100px\"><\/div><br \/>\n<div class=\"introduction-box right-side\"><div class=\"flex-element flex-wrap align-flex-vert row flex-reverse\"><div class=\"col-6\"><div class=\"about_fig wow zoomIn\" data-wow-duration=\"2s\"><img decoding=\"async\" src=\"https:\/\/flydemos.net\/toothwise\/wp-content\/uploads\/2024\/09\/gallery10.jpg\" alt=\"\"><\/div><\/div><!-- about_fig --><div class=\"about_content col-6\"><div class=\"inner_about_content wow zoomIn\" data-wow-duration=\"2s\"><div class=\"section_head\"><h2 class=\"section_title\">\u00bfQu\u00e9 es el tratamiento de implante de boca completa?<\/h2><\/div><p><p>\nEl tratamiento de implante de boca completa est\u00e1 dise\u00f1ado para pacientes con p\u00e9rdida total o severa de dientes.<br \/>\nSe coloca un n\u00famero reducido de implantes de titanio en los maxilares superior e inferior para servir como ra\u00edces artificiales estables.<br \/>\nLuego se fijan restauraciones personalizadas para recuperar una dentici\u00f3n completa.<br \/>\nAporta gran fuerza masticatoria, apariencia natural y estabilidad a largo plazo.<br \/>\nSin pr\u00f3tesis removibles sueltas, ofrece una funci\u00f3n oral c\u00f3moda, saludable y est\u00e9tica para la vida diaria.<\/p>\n<\/p><div class=\"flex-element align-flex-vert mt-30\"><\/div><\/div><\/div><!-- about_content --><div class=\"clear\"><\/div><\/div><\/div><!-- introduction box --><br \/>\n<div style=\"height:100px\"><\/div><br \/>\n<div class=\"introduction-box\"><div class=\"flex-element flex-wrap align-flex-vert row\"><div class=\"col-6\"><div class=\"about_fig wow zoomIn\" data-wow-duration=\"2s\"><img decoding=\"async\" src=\"https:\/\/flydemos.net\/toothwise\/wp-content\/uploads\/2024\/09\/gallery10.jpg\" alt=\"\"><\/div><\/div><!-- about_fig --><div class=\"about_content col-6\"><div class=\"inner_about_content wow zoomIn\" data-wow-duration=\"2s\"><div class=\"section_head\"><h2 class=\"section_title\">Procedimiento de implante en dos fases<\/h2><\/div><p><p>\nEl implante en dos fases es un m\u00e9todo cl\u00e1sico y seguro de implantolog\u00eda dental.<br \/>\n\u2731En la primera etapa, el implante se coloca en el hueso maxilar y se cubre con tejido gingival para cicatrizar.<br \/>\n\u2731En la segunda etapa, despu\u00e9s de la osteointegraci\u00f3n, se instalan el pilar y la corona definitiva.<br \/>\nOfrece alta estabilidad, bajo riesgo de infecci\u00f3n y durabilidad a largo plazo.<\/p>\n<\/p><div class=\"flex-element align-flex-vert mt-30\"><\/div><\/div><\/div><!-- about_content --><div class=\"clear\"><\/div><\/div><\/div><!-- introduction box --><br \/>\n<div style=\"height:100px\"><\/div><br \/>\n<div class=\"working-process-wrap\"><div class=\"flex-element flex-wrap align-flex-center\"><p><\/p>\n<div class=\"process-box\">\n<div class=\"inner-process-box\">\n<div class=\"process-icon\">\n<div class=\"process-thumb\"><img decoding=\"async\" src=\"https:\/\/cndentalhospital.com\/wp-content\/themes\/toothwise-pro\/images\/process1.jpg\"><\/div>\n<div class=\"process-num\">01<\/div>\n<\/div>\n<div class=\"process-content\">\n<h4>Primera fase  Duraci\u00f3n 3 d\u00edas<\/h4>\n<\/p>\n<\/div>\n<\/div>\n<\/div>\n<p><\/p>\n<div class=\"process-box\">\n<div class=\"inner-process-box\">\n<div class=\"process-icon\">\n<div class=\"process-thumb\"><img decoding=\"async\" src=\"https:\/\/cndentalhospital.com\/wp-content\/themes\/toothwise-pro\/images\/process2.jpg\"><\/div>\n<div class=\"process-num\">02<\/div>\n<\/div>\n<div class=\"process-content\">\n<h4>El intervalo entre fases es de 3 a 6 meses<\/h4>\n<\/p>\n<\/div>\n<\/div>\n<\/div>\n<p><\/p>\n<div class=\"process-box\">\n<div class=\"inner-process-box\">\n<div class=\"process-icon\">\n<div class=\"process-thumb\"><img decoding=\"async\" src=\"https:\/\/cndentalhospital.com\/wp-content\/themes\/toothwise-pro\/images\/process3.jpg\"><\/div>\n<div class=\"process-num\">03<\/div>\n<\/div>\n<div class=\"process-content\">\n<h4>Segunda fase  Duraci\u00f3n 7 d\u00edas<\/h4>\n<\/p>\n<\/div>\n<\/div>\n<\/div>\n<p><\/p>\n<\/div><\/div><br \/>\n<div style=\"height:100px\"><\/div><br \/>\n<div class=\"introduction-box right-side\"><div class=\"flex-element flex-wrap align-flex-vert row flex-reverse\"><div class=\"col-6\"><div class=\"about_fig wow zoomIn\" data-wow-duration=\"2s\"><img decoding=\"async\" src=\"https:\/\/flydemos.net\/toothwise\/wp-content\/uploads\/2024\/09\/gallery10.jpg\" alt=\"\"><\/div><\/div><!-- about_fig --><div class=\"about_content col-6\"><div class=\"inner_about_content wow zoomIn\" data-wow-duration=\"2s\"><div class=\"section_head\"><h2 class=\"section_title\">Tecnolog\u00eda Malo Bridge<\/h2><\/div><p><p>\nTecnolog\u00eda clave para restauraciones de media boca o boca completa, conecta los implantes mediante un puente de titanio puro, apto para personas con atrofia \u00f3sea alveolar, distribuye uniformemente la fuerza oclusal, evita la exposici\u00f3n met\u00e1lica y favorece una r\u00e1pida recuperaci\u00f3n posoperatoria.<\/p>\n<\/p><div class=\"flex-element align-flex-vert mt-30\"><\/div><\/div><\/div><!-- about_content --><div class=\"clear\"><\/div><\/div><\/div><!-- introduction box --><\/p>\n\r\n\t\t\t\t\t<\/div><!-- animation class -->\r\n\t\t\t\t<\/div><!-- container class -->\t\t\t\t\t\t\t\t\r\n\t\t\t<\/section><!-- section -->\n","protected":false},"excerpt":{"rendered":"","protected":false},"author":1,"featured_media":0,"parent":973,"menu_order":2,"comment_status":"closed","ping_status":"closed","template":"page-templates\/template-full-screen.php","meta":{"footnotes":""},"class_list":["post-2197","page","type-page","status-publish","hentry"],"_links":{"self":[{"href":"https:\/\/cndentalhospital.com\/index.php?rest_route=\/wp\/v2\/pages\/2197","targetHints":{"allow":["GET"]}}],"collection":[{"href":"https:\/\/cndentalhospital.com\/index.php?rest_route=\/wp\/v2\/pages"}],"about":[{"href":"https:\/\/cndentalhospital.com\/index.php?rest_route=\/wp\/v2\/types\/page"}],"author":[{"embeddable":true,"href":"https:\/\/cndentalhospital.com\/index.php?rest_route=\/wp\/v2\/users\/1"}],"replies":[{"embeddable":true,"href":"https:\/\/cndentalhospital.com\/index.php?rest_route=%2Fwp%2Fv2%2Fcomments&post=2197"}],"version-history":[{"count":0,"href":"https:\/\/cndentalhospital.com\/index.php?rest_route=\/wp\/v2\/pages\/2197\/revisions"}],"up":[{"embeddable":true,"href":"https:\/\/cndentalhospital.com\/index.php?rest_route=\/wp\/v2\/pages\/973"}],"wp:attachment":[{"href":"https:\/\/cndentalhospital.com\/index.php?rest_route=%2Fwp%2Fv2%2Fmedia&parent=2197"}],"curies":[{"name":"wp","href":"https:\/\/api.w.org\/{rel}","templated":true}]}}