{"id":2160,"date":"2026-04-29T19:00:15","date_gmt":"2026-04-29T11:00:15","guid":{"rendered":"https:\/\/cndentalhospital.com\/?page_id=2160"},"modified":"2026-04-29T19:00:15","modified_gmt":"2026-04-29T11:00:15","slug":"hospital-strength-es","status":"publish","type":"page","link":"https:\/\/cndentalhospital.com\/?page_id=2160&lang=es","title":{"rendered":"Fortaleza del hospital"},"content":{"rendered":"<section class=\"section-content pb-80\" style=\" \">\r\n\t\t\t\t<div class=\"container\">\r\n\t\t\t\t\t<div class=\"wow \" data-wow-duration=\"3s\">\r\n\t\t\t\t\t\t\r\n\t\t\t\t\t\t<p>\n<div class=\"section_head\"><h4 class=\"section_sub_title\"><span>Instalaciones que ofrecemos<\/span><\/h4><h2 class=\"section_title\">Ambiente estandarizado y c\u00f3modo<\/h2><p>Nuestro hospital ofrece un ambiente limpio y acogedor, con distribuci\u00f3n bien planificada e instalaciones completas. Con casi 8000 metros cuadrados y m\u00e1s de 80 unidades dentales, podemos atender a muchos pacientes al mismo tiempo. Contamos con \u00e1reas funcionales estandarizadas como quir\u00f3fanos, centros de esterilizaci\u00f3n, imagenolog\u00eda digital y laboratorios, lo que garantiza atenci\u00f3n segura y de alta calidad.<\/p><\/div><br \/>\n<div class=\"gallery-wrap\"><div class=\"text-center error_msg\" style=\"display:table; margin:0 auto;\">Sorry, No photos in Gallery.<\/div><\/div><\/p>\n\r\n\t\t\t\t\t<\/div><!-- animation class -->\r\n\t\t\t\t<\/div><!-- container class -->\t\t\t\t\t\t\t\t\r\n\t\t\t<\/section><!-- section -->\n<section class=\"section-content \" style=\" background-color:#091D3E;\">\r\n\t\t\t\t<div class=\"container\">\r\n\t\t\t\t\t<div class=\"wow fadeIn\" data-wow-duration=\"3s\">\r\n\t\t\t\t\t\t\r\n\t\t\t\t\t\t<div class=\"counter-main flex-element row flex-wrap\"><div class=\"col\">\n\t\t<div class=\"counter-box\">\t\r\n\t\t\t<div class=\"inner-counter\">\r\n\t\t\t\t<div class=\"count-icon\">\r\n\t\t\t\t\t<i class=\"fa-sharp fa-thin fa-trophy\"><\/i>\r\n\t\t\t\t<\/div>\r\n\t\t\t\t<div class=\"count-content\">\r\n\t\t\t\t\t<h3 class=\"counter\" style=\"color:#ffffff;\">21<\/h3><span style=\"color:#ffffff\">+<\/span>\r\n\t\t\t\t\t<h6 class=\"counter-ttl\" style=\"color:#ffffff\">21 a\u00f1os de trayectoria<\/h6>\r\n\t\t\t\t<\/div>\r\n\t\t\t<\/div>\r\n\t\t<\/div>\r\n\t<\/div><div class=\"col\">\n\t\t<div class=\"counter-box\">\t\r\n\t\t\t<div class=\"inner-counter\">\r\n\t\t\t\t<div class=\"count-icon\">\r\n\t\t\t\t\t<i class=\"fa-sharp fa-thin fa-user-doctor\"><\/i>\r\n\t\t\t\t<\/div>\r\n\t\t\t\t<div class=\"count-content\">\r\n\t\t\t\t\t<h3 class=\"counter\" style=\"color:#ffffff;\">8000<\/h3><span style=\"color:#ffffff\">+<\/span>\r\n\t\t\t\t\t<h6 class=\"counter-ttl\" style=\"color:#ffffff\">Instalaciones de 8000 \u33a1<\/h6>\r\n\t\t\t\t<\/div>\r\n\t\t\t<\/div>\r\n\t\t<\/div>\r\n\t<\/div><div class=\"col\">\n\t\t<div class=\"counter-box\">\t\r\n\t\t\t<div class=\"inner-counter\">\r\n\t\t\t\t<div class=\"count-icon\">\r\n\t\t\t\t\t<i class=\"fa-sharp fa-thin fa-handshake\"><\/i>\r\n\t\t\t\t<\/div>\r\n\t\t\t\t<div class=\"count-content\">\r\n\t\t\t\t\t<h3 class=\"counter\" style=\"color:#ffffff;\">30<\/h3><span style=\"color:#ffffff\">+<\/span>\r\n\t\t\t\t\t<h6 class=\"counter-ttl\" style=\"color:#ffffff\">30+ dentistas profesionales<\/h6>\r\n\t\t\t\t<\/div>\r\n\t\t\t<\/div>\r\n\t\t<\/div>\r\n\t<\/div><div class=\"col\">\n\t\t<div class=\"counter-box\">\t\r\n\t\t\t<div class=\"inner-counter\">\r\n\t\t\t\t<div class=\"count-icon\">\r\n\t\t\t\t\t<i class=\"fa-sharp fa-thin fa-face-smile\"><\/i>\r\n\t\t\t\t<\/div>\r\n\t\t\t\t<div class=\"count-content\">\r\n\t\t\t\t\t<h3 class=\"counter\" style=\"color:#ffffff;\">500000<\/h3><span style=\"color:#ffffff\">+<\/span>\r\n\t\t\t\t\t<h6 class=\"counter-ttl\" style=\"color:#ffffff\">500000 pacientes atendidos<\/h6>\r\n\t\t\t\t<\/div>\r\n\t\t\t<\/div>\r\n\t\t<\/div>\r\n\t<\/div><\/div>\n\r\n\t\t\t\t\t<\/div><!-- animation class -->\r\n\t\t\t\t<\/div><!-- container class -->\t\t\t\t\t\t\t\t\r\n\t\t\t<\/section><!-- section -->\n<section class=\"section-content pb-80\" style=\" \">\r\n\t\t\t\t<div class=\"container\">\r\n\t\t\t\t\t<div class=\"wow \" data-wow-duration=\"3s\">\r\n\t\t\t\t\t\t\r\n\t\t\t\t\t\t<p>\n<div class=\"section_head\"><h2 class=\"section_title\">Equipos avanzados<\/h2><p>Nuestro hospital utiliza equipos dentales avanzados importados de Europa, incluyendo CBCT, sistema de impresi\u00f3n 3D, esc\u00e1ner iTero, microscopio oral, bistur\u00ed \u00f3seo ultras\u00f3nico y l\u00e1ser, para ofrecer tratamientos eficientes, precisos y c\u00f3modos.<\/p><\/div><br \/>\n<div class=\"gallery-wrap\"><div class=\"text-center error_msg\" style=\"display:table; margin:0 auto;\">Sorry, No photos in Gallery.<\/div><\/div><\/p>\n\r\n\t\t\t\t\t<\/div><!-- animation class -->\r\n\t\t\t\t<\/div><!-- container class -->\t\t\t\t\t\t\t\t\r\n\t\t\t<\/section><!-- section -->\n","protected":false},"excerpt":{"rendered":"","protected":false},"author":1,"featured_media":0,"parent":558,"menu_order":3,"comment_status":"closed","ping_status":"closed","template":"page-templates\/template-full-screen.php","meta":{"footnotes":""},"class_list":["post-2160","page","type-page","status-publish","hentry"],"_links":{"self":[{"href":"https:\/\/cndentalhospital.com\/index.php?rest_route=\/wp\/v2\/pages\/2160","targetHints":{"allow":["GET"]}}],"collection":[{"href":"https:\/\/cndentalhospital.com\/index.php?rest_route=\/wp\/v2\/pages"}],"about":[{"href":"https:\/\/cndentalhospital.com\/index.php?rest_route=\/wp\/v2\/types\/page"}],"author":[{"embeddable":true,"href":"https:\/\/cndentalhospital.com\/index.php?rest_route=\/wp\/v2\/users\/1"}],"replies":[{"embeddable":true,"href":"https:\/\/cndentalhospital.com\/index.php?rest_route=%2Fwp%2Fv2%2Fcomments&post=2160"}],"version-history":[{"count":0,"href":"https:\/\/cndentalhospital.com\/index.php?rest_route=\/wp\/v2\/pages\/2160\/revisions"}],"up":[{"embeddable":true,"href":"https:\/\/cndentalhospital.com\/index.php?rest_route=\/wp\/v2\/pages\/558"}],"wp:attachment":[{"href":"https:\/\/cndentalhospital.com\/index.php?rest_route=%2Fwp%2Fv2%2Fmedia&parent=2160"}],"curies":[{"name":"wp","href":"https:\/\/api.w.org\/{rel}","templated":true}]}}