{"id":2155,"date":"2026-04-29T19:00:15","date_gmt":"2026-04-29T11:00:15","guid":{"rendered":"https:\/\/cndentalhospital.com\/?page_id=2155"},"modified":"2026-04-29T19:00:15","modified_gmt":"2026-04-29T11:00:15","slug":"reasons-for-xiaoshan-dental-hospital-es","status":"publish","type":"page","link":"https:\/\/cndentalhospital.com\/?page_id=2155&lang=es","title":{"rendered":"Razones para elegir Xiaoshan Dental Hospital"},"content":{"rendered":"<section class=\"section-content \" style=\" background-color:#f7f7f7;\">\r\n\t\t\t\t<div class=\"container\">\r\n\t\t\t\t\t<div class=\"wow fadeIn\" data-wow-duration=\"3s\">\r\n\t\t\t\t\t\t<div class=\"section_head\">\r\n\t\t\t<h4 class=\"section_sub_title\"><span>Razones para elegir Xiaoshan Dental Hospital<\/span><\/h4>\r\n\t\t\t<h2 class=\"section_title\">Por qu\u00e9 los pacientes eligen nuestra cl\u00ednica dental<span><\/span><\/h2>\r\n\t\t\t<p>Con m\u00e9dicos experimentados, tecnolog\u00eda avanzada y servicios atentos, dise\u00f1amos soluciones dentales exclusivas para cada paciente.<\/p>\r\n\t\t<\/div><!-- section head -->\r\n\t\t\t\t\t\t<div class=\"flex-element row flex-wrap \"><div class=\"col-4 tab-col-6 \">\n<div class=\"iconbox style1 wow zoomIn\" data-wow-duration=\"2s\">\n<div class=\"iconbox-icon\">\n<div class=\"iconbox-icon-inner\"><i class=\"fa-thin fa-handshake\"><\/i><\/div>\n<\/div>\n<div class=\"iconbox-content\">\n<h4><a href=\"#\">Equipo profesional<\/a><\/h4>\n<p> M\u00e9dicos experimentados ofrecen atenci\u00f3n dental precisa y fiable. <\/p>\n<\/div>\n<\/div>\n<\/div>\n<div class=\"col-4 tab-col-6 \">\n<div class=\"iconbox style1 wow zoomIn\" data-wow-duration=\"2s\">\n<div class=\"iconbox-icon\">\n<div class=\"iconbox-icon-inner\"><i class=\"fa-thin fa-user-doctor-hair-long\"><\/i><\/div>\n<\/div>\n<div class=\"iconbox-content\">\n<h4><a href=\"#\">Equipos premium<\/a><\/h4>\n<p> Utilizamos equipos importados de alta gama para garantizar tratamientos precisos y eficientes. <\/p>\n<\/div>\n<\/div>\n<\/div>\n<div class=\"col-4 tab-col-6 \">\n<div class=\"iconbox style1 wow zoomIn\" data-wow-duration=\"2s\">\n<div class=\"iconbox-icon\">\n<div class=\"iconbox-icon-inner\"><i class=\"fa-thin fa-circle-dollar\"><\/i><\/div>\n<\/div>\n<div class=\"iconbox-content\">\n<h4><a href=\"#\">Ambiente acogedor<\/a><\/h4>\n<p> Un espacio c\u00e1lido y relajante para que se sienta tranquilo durante su visita.<\/p>\n<\/div>\n<\/div>\n<\/div>\n<div class=\"col-4 tab-col-6 \">\n<div class=\"iconbox style1 wow zoomIn\" data-wow-duration=\"2s\">\n<div class=\"iconbox-icon\">\n<div class=\"iconbox-icon-inner\"><i class=\"fa-thin fa-light-emergency-on\"><\/i><\/div>\n<\/div>\n<div class=\"iconbox-content\">\n<h4><a href=\"#\">Precio razonable<\/a><\/h4>\n<p> Precios transparentes y justos para servicios dentales de alta calidad. <\/p>\n<\/div>\n<\/div>\n<\/div>\n<\/div>\n\r\n\t\t\t\t\t<\/div><!-- animation class -->\r\n\t\t\t\t<\/div><!-- container class -->\t\t\t\t\t\t\t\t\r\n\t\t\t<\/section><!-- section -->\n","protected":false},"excerpt":{"rendered":"","protected":false},"author":1,"featured_media":0,"parent":558,"menu_order":2,"comment_status":"closed","ping_status":"closed","template":"page-templates\/template-full-screen.php","meta":{"footnotes":""},"class_list":["post-2155","page","type-page","status-publish","hentry"],"_links":{"self":[{"href":"https:\/\/cndentalhospital.com\/index.php?rest_route=\/wp\/v2\/pages\/2155","targetHints":{"allow":["GET"]}}],"collection":[{"href":"https:\/\/cndentalhospital.com\/index.php?rest_route=\/wp\/v2\/pages"}],"about":[{"href":"https:\/\/cndentalhospital.com\/index.php?rest_route=\/wp\/v2\/types\/page"}],"author":[{"embeddable":true,"href":"https:\/\/cndentalhospital.com\/index.php?rest_route=\/wp\/v2\/users\/1"}],"replies":[{"embeddable":true,"href":"https:\/\/cndentalhospital.com\/index.php?rest_route=%2Fwp%2Fv2%2Fcomments&post=2155"}],"version-history":[{"count":0,"href":"https:\/\/cndentalhospital.com\/index.php?rest_route=\/wp\/v2\/pages\/2155\/revisions"}],"up":[{"embeddable":true,"href":"https:\/\/cndentalhospital.com\/index.php?rest_route=\/wp\/v2\/pages\/558"}],"wp:attachment":[{"href":"https:\/\/cndentalhospital.com\/index.php?rest_route=%2Fwp%2Fv2%2Fmedia&parent=2155"}],"curies":[{"name":"wp","href":"https:\/\/api.w.org\/{rel}","templated":true}]}}